**3. Let o = -3 + 11. Determine d(o).
4
Suppose -75*u + 70*u + 15 = 0. Suppose -15*f - u = -12*f - 3*h, 4*h = -4. Let g(r) = 4*r**3 + 0*r**3 + r - 5*r**3 - 2 - 2*r**2. Give g(f).
-4
Let i(n) be the second derivative of -77*n + 13/2*n**2 + n**4 - 1/20*n**5 + 0 - 2*n**3. What is i(11)?
2
Let f = 435 - 426. Let z(x) = -15 + 8 - 5*x + 17. Calculate z(f).
-35
Let m(s) = 5*s - 385. Let f(q) = 2*q - 137. Let r(v) = 17*f(v) - 6*m(v). What is r(8)?
13
Let t(l) = l**2 + 4. Suppose 140*f - 4 = 32*f - 220. What is t(f)?
8
Let s(r) = -2*r + 22. Let t be s(9). Let j(u) be the third derivative of -u**5/60 + u**4/4 - u**3/3 + 154*u**2. Determine j(t).
6
Let c(v) = 8*v + 2. Let h(a) = -15*a - 15. Let y(o) = -2*c(o) - h(o). Calculate y(6).
5
Let f(v) = -v**2 + 20. Let q be f(-4). Let l(t) = 5*t**3 - 4*t**2 + t + 7. Let y(i) = 3*i**3 - 2*i**2 + 4. Let s(o) = q*l(o) - 7*y(o). Determine s(-3).
-3
Let f(u) be the first derivative of -u**4/4 + u**3 + u**2 + 2*u - 693. Calculate f(3).
8
Let u be ((-3)/30*-8)/((-2)/(-10)). Let r(x) be the third derivative of -x**5/60 + x**4/12 - 5*x**3/6 + x**2. Give r(u).
-13
Let c(u) be the second derivative of u**4/12 + u**3/3 - 7*u**2 + u. Let i be (9/33)/(685/(-15070)). Determine c(i).
10
Let d(z) be the third derivative of -z**6/120 - 7*z**5/60 + z**4/24 + 7*z**3/3 + 2*z**2 - 125*z - 5. What is d(-5)?
-41
Let z(u) be the first derivative of -u**3/3 - 13*u**2/2 - 25*u - 2518. What is z(-8)?
15
Let y(p) be the first derivative of 3 - 9/2*p**2 - p. Suppose 31*d - 26*d + 20 = 0, -2*n + 2*d + 6 = 0. Calculate y(n).
8
Suppose -5*w + 12 = 2. Let h(u) be the first derivative of 4*u + 2*u + 4*u**w + u - 8*u - 6. What is h(-1)?
-9
Let n = -29 + 25. Let s(h) = 48*h + 5 + 46*h + 77*h - 174*h - 2. What is s(n)?
15
Let a(g) = 8*g + 99. Suppose -89*y - 98*y = -181*y + 60. Calculate a(y).
19
Let c be -19 - (12 - 34) - -12. Let v(g) be the first derivative of 0*g**3 + 0*g**2 - c*g + 8 - 1/4*g**4. Calculate v(0).
-15
Let b(l) be the first derivative of -l**4/4 + 8*l**3/3 - 7*l**2/2 - l - 26. Let q = -7 - -16. Let d be q/(-6)*56/(-12). Give b(d).
-1
Let o(b) = -42*b**2 - 99*b - 683. Let r(j) = 11*j**2 + 24*j + 171. Let v(u) = -5*o(u) - 19*r(u). Determine v(-34).
-4
Let y = -12 - -13. Suppose 2*t - 10 = -b, 2*b + t - 3*t = -10. Let h(j) = b*j**2 - 1 + 0*j**2 + 0 + 5*j**2. What is h(y)?
4
Let v(i) = -4*i. Let m(q) = 14*q + 17. Let t(r) = -m(r) - 3*v(r). What is t(-4)?
-9
Let d(g) = -g - 5. Let x(w) be the third derivative of w**4/24 + 5*w**3/6 + 8*w**2. Let j(k) = 6*d(k) + 5*x(k). Suppose -4 = 3*p + 14. Determine j(p).
1
Let k = -224 - -227. Let y(t) = -k*t**3 + 4*t + t**3 - 10 + 2*t**2 - 2*t + 5 + 4. What is y(2)?
-5
Suppose 7*u - 2*u = -2*r - 13, 2*r - 11 = 3*u. Let w be (28/8 - 3)*10/r. Let v(z) = z - 6. What is v(w)?
-1
Let l(a) = -4*a**3 + 3*a**2. Suppose 2*x - 7*x - 110 = 0. Let s(u) = -15*u - 328. Let j be s(x). What is l(j)?
-20
Let s(p) = p**2 - 11*p - 3. Let q(r) = r**2 - 14*r - 3. Let x(f) = -2*q(f) + 3*s(f). Let t(y) = -y**3 - 2*y**2 - 3. Let c be t(-3). Determine x(c).
3
Let p(j) = 3*j**3 + j**2 - 2*j. Let w(g) = 19*g**3 + 24*g**2 + g - 53. Let z(d) = 6*p(d) - w(d). Determine z(-17).
-15
Let v(g) = -g**3 + 33*g**2 - 258*g - 13. Let f be v(13). Let b(r) = r**3 - 12*r**2 - 20*r + 52. Give b(f).
-39
Let d(s) be the first derivative of s**3 - s**2/2 - 11*s + 2295. Determine d(-5).
69
Suppose 4*i + 5*b = 417 - 72, -4*b = 5*i - 438. Let a(y) = -1 + i*y + 94*y - 180*y - y**2. Give a(5).
-6
Let p(h) = -4 + 1 - h**2 - 2 + 6 - 4*h. Let n be -2 + 4/6*66/(-44). Calculate p(n).
4
Suppose 2*o = 5*z + 4, 4*o = 3*o + 2*z + 2. Let v(p) = p**o + 63 + 75 - p - 138 + 3*p. Determine v(-4).
8
Let q(f) = 148*f - 1171. Let a be q(8). Let c(n) = -n**2 + 7*n + 32. Determine c(a).
-46
Let q(r) = r + 17. Suppose 4 = 3*j + 2*o, -2*j + 5*o + 13 = 4. Suppose -j*g - 1 = -7. Suppose -2*d - v = 30 - 4, -g*d = 2*v + 41. What is q(d)?
6
Let a(n) = -n**2 + 9*n + 13. Let u be -5*((-24)/30 + 0). Suppose -2*z + 10 = 2*i, i + 56 = 4*z - u*i. Determine a(z).
13
Let s(p) = -3*p - 24. Suppose 5*i = -4*m + 263, 2*m - m = -3*i + 64. Suppose -7 = -5*k - m. What is s(k)?
12
Let n(v) = -2*v + 1. Let w(y) = -53*y - 479. Let r be w(-9). Determine n(r).
5
Let r(y) = -109 + 77 + 3*y - 24*y - y**2 + 2*y**2. Give r(22).
-10
Suppose 22*h + 34*h - 1287 = -43*h. Let b(s) = -s**2 + 18*s - 20. Give b(h).
45
Let a be 4 - 2/4*12/3. Let x(f) = f**3 + 67*f - 70*f - 2 - 2*f**2 - a + 6*f**2. Calculate x(-4).
8
Let o(w) = 4*w**2. Let r = 224 + -251. Let k be 12/(-9) + 18/r. Determine o(k).
16
Let x(s) = s**2 + 5*s - 32. Let d(j) = -j**2 - 4*j + 30. Let o be 24/6 + 0 + 1. Let r(b) = o*x(b) + 6*d(b). What is r(0)?
20
Let h(i) = 6*i - 56. Let k(s) = -s + 12. Let y(v) = 2*h(v) + 10*k(v). Calculate y(-2).
4
Let l(n) be the first derivative of 1/120*n**5 + 0*n**2 - 19 + 0*n + 23/3*n**3 + 0*n**4. Let x(w) be the third derivative of l(w). Give x(-3).
-3
Let i(l) = 7*l**2 - 37*l. Suppose -2*w - 26 - 8 = 2*o, 4*o - w = -68. Let p(t) = 20*t**2 - 106*t. Let m(s) = o*i(s) + 6*p(s). Calculate m(6).
-6
Let o(s) = 8*s - 15. Let k = 840 + -834. Determine o(k).
33
Let h(x) be the third derivative of -3*x**2 + 1/2*x**3 + 0 - 7*x - 1/8*x**4. What is h(4)?
-9
Let a(w) be the second derivative of -w**5/60 + w**4/2 - 3*w**3/2 - 87*w**2/2 + 212*w. Let s(l) be the first derivative of a(l). Calculate s(9).
18
Suppose -9*p + 10 = -10*p. Let l(k) be the third derivative of 1/60*k**5 + 0*k + 5/12*k**4 + 0 - 46*k**2 + 1/2*k**3. What is l(p)?
3
Let i(h) = -h**3 - 12*h**2 - 10*h + 8. Suppose -216*j - 12 = -214*j. Let d be 2/(-3*j/(-45)) + -6. What is i(d)?
-3
Let w(f) = -2*f. Let c(t) = -3*t. Suppose -3*v + 3*g + 9 = 0, 1 + 3 = 2*v - g. Let o(l) = v*c(l) - 2*w(l). Calculate o(-1).
-1
Let i(v) = 7*v**2 - 33*v - 63. Let a(t) = -3*t**2 + 17*t + 32. Let f(n) = -9*a(n) - 4*i(n). What is f(-21)?
-36
Suppose -4*f + 0 = -8. Suppose -c - f = -0*c. Let l(b) be the first derivative of -b**4/4 - 2*b**3/3 - 2*b**2 - 2*b + 107. Determine l(c).
6
Let o = -84 + 413. Let t be (-2)/7 - (o/49 + -7). Let m(p) = -1999 + t*p + 2011 + p. Determine m(0).
12
Let k(f) = 2*f + 8. Suppose 3*c + 5*n = 9 - 40, 3*c - 2*n = -17. Let i be 4/((-4)/15) - c. Determine k(i).
-8
Let g(j) = 7*j**2 - j - 8. Suppose -4*f - 11 = h, 1347*h + 3*f = 1348*h - 3. Give g(h).
58
Let p = 4211 - 4202. Let n(k) = k**3 - 8*k**2 - 14*k + 44. What is n(p)?
-1
Let k(t) = t**3 + t**2 + 2*t - 1. Let j = -111 + 111. Suppose j = 3*l - 2*l - 6*l. Calculate k(l).
-1
Let k(j) = -4*j**3 + 9*j**2 - 10*j + 3. Let r(q) = q**3 - 1. Let x(f) = k(f) + 5*r(f). Suppose -2*c + 2 = 0, -m - c + 21 = -3*m. Determine x(m).
-2
Let d = -705/7 - -1445/14. Let w(h) be the second derivative of -1/20*h**5 + 1/6*h**3 + 1/12*h**4 + 0 - 5*h + d*h**2. Calculate w(0).
5
Let z = 4758 - 4761. Let r(k) = -k**2 - 4*k + 5. Calculate r(z).
8
Let a be 5/6*(5 + 1). Suppose -k - 3*i = -19, -5*k + a*i - 3*i + 10 = 0. Let f(j) = -7*j + 0*j**2 - 2*j + j**2 + 6 + k*j. Give f(4).
2
Let n be 2/7 - ((-22490)/(-91))/(-10)*1. Let o(s) = -s**2 + 22*s + 47. Determine o(n).
-28
Let a(p) = -p**3 + 7*p**2 - 2*p - 2. Let z = -129 + 115. Let m be (64/(-128))/(1*1/z). Give a(m).
-16
Let z(j) = 11*j - 3. Let q be z(1). Suppose -t - 12 = 4*r, 0*t - t - 2*r - q = 0. Let w(f) be the first derivative of f**2/2 - f + 1. Give w(t).
-5
Let a(m) = -71*m + 496. Let r(n) = -640*n - 633. Let d be r(-1). Give a(d).
-1
Suppose l - 6*l = s + 4, s + 3 = -4*l. Suppose 0 = -3*r + 7*r - 12. Let z(w) = -5*w**3 + 3*w - 1 + 5*w - r*w**3 - 6*w. Determine z(s).
-7
Let c = -220 - -230. Suppose 61*h + c = 66*h. Let y(b) = b**2 - 2*b - 2. Determine y(h).
-2
Suppose 4*l - 36 = 4*z, z + 3*z = 3*l - 33. Let q = -587 - -590. Let f(m) = -9 - 3*m - 9*m**2 + 2 + q*m**2 + 12*m**2 + m**3. Give f(z).
11
Let q(z) = -13*z + z**2 + 47*z + 44 - 15*z - 21*z. What is q(0)?
44
Suppose 4*n - 3*f = 0, 5*f - 5 - 9 = 2*n. Let k(y) = -10*y + 31. What is k(n)?
1
Let x(d) = -4*d**2 - 2*d. Let t(g) = g**2. Let n(f) = -3*t(f) - x(f). Suppose -3*a + 7*a = -4*y + 976, -2*a + 976 = 4*y. Let b = 247 - y. Calculate n(b).
15
Let i(d) be the third derivative of -d**5/60 + 5*d**4/24 - d**3/3 + 6*d**2. Let w = 268 + -261. Determine i(w).
-16
Suppose 189 = 4*j + 145. Let f(i) = 3*i - 38. Calculate f(j)